{"id":3567,"date":"2025-05-16T14:15:01","date_gmt":"2025-05-16T17:15:01","guid":{"rendered":"https:\/\/marcor-uruburei.com\/?post_type=product&#038;p=3567"},"modified":"2025-06-05T18:20:28","modified_gmt":"2025-06-05T21:20:28","slug":"episodio-4-a-pele-do-caju","status":"publish","type":"product","link":"https:\/\/marcor-uruburei.com\/?product=episodio-4-a-pele-do-caju","title":{"rendered":"&#8220;Epis\u00f3dio 4:  A pele do Caju&#8221;"},"content":{"rendered":"<p><i><span style=\"font-weight: 200;\">A obra &#8220;<\/span><\/i><i><span style=\"font-weight: 600;\">Epis\u00f3dio 4:\u00a0 A pele do Caju<\/span><\/i><i><span style=\"font-weight: 200;\">&#8220;, nos lan\u00e7a em um instante suspenso, onde o tempo parece vibrar entre a languidez e o poder. Adornado por joias raras que cintilam como guardi\u00e3s de segredos, o olhar intenso da personagem atravessa a tela como um convite ao espectador para acompanh\u00e1- la nessa viagem\u2026 at\u00e9 onde conseguimos enxergar as camadas dessa narrativa?<\/span><\/i><\/p>\n<p><i><span style=\"font-weight: 200;\">A composi\u00e7\u00e3o flutua entre o devaneio e o \u00edmpeto, como um frame arrancado de um sonho, onde a pele \u00e9 territ\u00f3rio e a pose, afirma\u00e7\u00e3o. O tecido leve que dan\u00e7a ao vento insinua movimentos que jamais se completam, evocando a transitoriedade das mem\u00f3rias.<\/span><\/i><\/p>\n<p><i><span style=\"font-weight: 200;\">Na base, a linha do tempo &#8211; um compasso im\u00f3vel que, no entanto, pulsa como um cora\u00e7\u00e3o inquieto &#8211; resgata a premissa da s\u00e9rie de capturar o ef\u00eamero, de dar o play naquilo que nunca se repete.<\/span><\/i><\/p>\n","protected":false},"excerpt":{"rendered":"<p>S\u00e9rie: \u201cD\u00e1 o Play\u201d<br \/>\nT\u00edtulo: <strong>\u201cEpis\u00f3dio 4: A pele do Caju\u201d<\/strong><br \/>\nAno: 2025<br \/>\nT\u00e9cnica: Pintura Acr\u00edlica sobre tela<br \/>\nDimens\u00f5es: 50 x 70 cm<\/p>\n","protected":false},"featured_media":3576,"template":"","meta":{"_uag_custom_page_level_css":"","site-sidebar-layout":"default","site-content-layout":"","ast-site-content-layout":"default","site-content-style":"default","site-sidebar-style":"default","ast-global-header-display":"","ast-banner-title-visibility":"","ast-main-header-display":"","ast-hfb-above-header-display":"","ast-hfb-below-header-display":"","ast-hfb-mobile-header-display":"","site-post-title":"","ast-breadcrumbs-content":"","ast-featured-img":"","footer-sml-layout":"","ast-disable-related-posts":"","theme-transparent-header-meta":"default","adv-header-id-meta":"","stick-header-meta":"","header-above-stick-meta":"","header-main-stick-meta":"","header-below-stick-meta":"","astra-migrate-meta-layouts":"set","ast-page-background-enabled":"default","ast-page-background-meta":{"desktop":{"background-color":"","background-image":"","background-repeat":"repeat","background-position":"center center","background-size":"auto","background-attachment":"scroll","background-type":"","background-media":"","overlay-type":"","overlay-color":"","overlay-opacity":"","overlay-gradient":""},"tablet":{"background-color":"","background-image":"","background-repeat":"repeat","background-position":"center center","background-size":"auto","background-attachment":"scroll","background-type":"","background-media":"","overlay-type":"","overlay-color":"","overlay-opacity":"","overlay-gradient":""},"mobile":{"background-color":"","background-image":"","background-repeat":"repeat","background-position":"center center","background-size":"auto","background-attachment":"scroll","background-type":"","background-media":"","overlay-type":"","overlay-color":"","overlay-opacity":"","overlay-gradient":""}},"ast-content-background-meta":{"desktop":{"background-color":"var(--ast-global-color-5)","background-image":"","background-repeat":"repeat","background-position":"center center","background-size":"auto","background-attachment":"scroll","background-type":"","background-media":"","overlay-type":"","overlay-color":"","overlay-opacity":"","overlay-gradient":""},"tablet":{"background-color":"var(--ast-global-color-5)","background-image":"","background-repeat":"repeat","background-position":"center center","background-size":"auto","background-attachment":"scroll","background-type":"","background-media":"","overlay-type":"","overlay-color":"","overlay-opacity":"","overlay-gradient":""},"mobile":{"background-color":"var(--ast-global-color-5)","background-image":"","background-repeat":"repeat","background-position":"center center","background-size":"auto","background-attachment":"scroll","background-type":"","background-media":"","overlay-type":"","overlay-color":"","overlay-opacity":"","overlay-gradient":""}}},"product_brand":[],"product_cat":[15],"product_tag":[107,55,139,138],"class_list":{"0":"post-3567","1":"product","2":"type-product","3":"status-publish","4":"has-post-thumbnail","6":"product_cat-galeria-catalogo","7":"product_tag-pinturaacrilica","8":"product_tag-arte","9":"product_tag-liniker","10":"product_tag-pop","11":"desktop-align-left","12":"tablet-align-left","13":"mobile-align-right","15":"first","16":"instock","17":"sold-individually","18":"purchasable","19":"product-type-simple"},"uagb_featured_image_src":{"full":["https:\/\/i0.wp.com\/marcor-uruburei.com\/wp-content\/uploads\/2025\/05\/b4c086e0-2b5b-11f0-a04a-730b08b5bc4d-scaled.jpg?fit=2048%2C2048&ssl=1",2048,2048,false],"thumbnail":["https:\/\/i0.wp.com\/marcor-uruburei.com\/wp-content\/uploads\/2025\/05\/b4c086e0-2b5b-11f0-a04a-730b08b5bc4d-scaled.jpg?resize=150%2C150&ssl=1",150,150,true],"medium":["https:\/\/i0.wp.com\/marcor-uruburei.com\/wp-content\/uploads\/2025\/05\/b4c086e0-2b5b-11f0-a04a-730b08b5bc4d-scaled.jpg?fit=300%2C300&ssl=1",300,300,true],"medium_large":["https:\/\/i0.wp.com\/marcor-uruburei.com\/wp-content\/uploads\/2025\/05\/b4c086e0-2b5b-11f0-a04a-730b08b5bc4d-scaled.jpg?fit=768%2C768&ssl=1",768,768,true],"large":["https:\/\/i0.wp.com\/marcor-uruburei.com\/wp-content\/uploads\/2025\/05\/b4c086e0-2b5b-11f0-a04a-730b08b5bc4d-scaled.jpg?fit=1024%2C1024&ssl=1",1024,1024,true],"1536x1536":["https:\/\/i0.wp.com\/marcor-uruburei.com\/wp-content\/uploads\/2025\/05\/b4c086e0-2b5b-11f0-a04a-730b08b5bc4d-scaled.jpg?fit=1536%2C1536&ssl=1",1536,1536,true],"2048x2048":["https:\/\/i0.wp.com\/marcor-uruburei.com\/wp-content\/uploads\/2025\/05\/b4c086e0-2b5b-11f0-a04a-730b08b5bc4d-scaled.jpg?fit=2048%2C2048&ssl=1",2048,2048,true],"woocommerce_thumbnail":["https:\/\/i0.wp.com\/marcor-uruburei.com\/wp-content\/uploads\/2025\/05\/b4c086e0-2b5b-11f0-a04a-730b08b5bc4d-scaled.jpg?fit=1024%2C1024&ssl=1",1024,1024,true],"woocommerce_single":["https:\/\/i0.wp.com\/marcor-uruburei.com\/wp-content\/uploads\/2025\/05\/b4c086e0-2b5b-11f0-a04a-730b08b5bc4d-scaled.jpg?fit=1024%2C1024&ssl=1",1024,1024,true],"woocommerce_gallery_thumbnail":["https:\/\/i0.wp.com\/marcor-uruburei.com\/wp-content\/uploads\/2025\/05\/b4c086e0-2b5b-11f0-a04a-730b08b5bc4d-scaled.jpg?resize=100%2C100&ssl=1",100,100,true]},"uagb_author_info":{"display_name":"marcor.uruburei@hotmail.com","author_link":"https:\/\/marcor-uruburei.com\/?author=0"},"uagb_comment_info":0,"uagb_excerpt":"S\u00e9rie: \u201cD\u00e1 o Play\u201d T\u00edtulo: \u201cEpis\u00f3dio 4: A pele do Caju\u201d Ano: 2025 T\u00e9cnica: Pintura Acr\u00edlica sobre tela Dimens\u00f5es: 50 x 70 cm","jetpack_sharing_enabled":true,"_links":{"self":[{"href":"https:\/\/marcor-uruburei.com\/index.php?rest_route=\/wp\/v2\/product\/3567","targetHints":{"allow":["GET"]}}],"collection":[{"href":"https:\/\/marcor-uruburei.com\/index.php?rest_route=\/wp\/v2\/product"}],"about":[{"href":"https:\/\/marcor-uruburei.com\/index.php?rest_route=\/wp\/v2\/types\/product"}],"version-history":[{"count":3,"href":"https:\/\/marcor-uruburei.com\/index.php?rest_route=\/wp\/v2\/product\/3567\/revisions"}],"predecessor-version":[{"id":3601,"href":"https:\/\/marcor-uruburei.com\/index.php?rest_route=\/wp\/v2\/product\/3567\/revisions\/3601"}],"wp:featuredmedia":[{"embeddable":true,"href":"https:\/\/marcor-uruburei.com\/index.php?rest_route=\/wp\/v2\/media\/3576"}],"wp:attachment":[{"href":"https:\/\/marcor-uruburei.com\/index.php?rest_route=%2Fwp%2Fv2%2Fmedia&parent=3567"}],"wp:term":[{"taxonomy":"product_brand","embeddable":true,"href":"https:\/\/marcor-uruburei.com\/index.php?rest_route=%2Fwp%2Fv2%2Fproduct_brand&post=3567"},{"taxonomy":"product_cat","embeddable":true,"href":"https:\/\/marcor-uruburei.com\/index.php?rest_route=%2Fwp%2Fv2%2Fproduct_cat&post=3567"},{"taxonomy":"product_tag","embeddable":true,"href":"https:\/\/marcor-uruburei.com\/index.php?rest_route=%2Fwp%2Fv2%2Fproduct_tag&post=3567"}],"curies":[{"name":"wp","href":"https:\/\/api.w.org\/{rel}","templated":true}]}}